tive of m**3/3 + 11*m**2/2 + 13*m + 1. Let k be f(-10). Suppose -z - 4 = 0, -3*z + 144 = k*i + i. Is i a composite number?
True
Let b = -8 + 9. Let r(i) = -2555*i - 1. Let q be r(b). Is q/(-27) - 2/3 prime?
False
Let k(q) = -3*q + 23. Let l be k(7). Suppose 3*t = 2*a - l*t - 672, -a + 2*t + 337 = 0. Is a a prime number?
False
Suppose -22 = -2*c - w - 6, -3*c + 4*w = -2. Is (86/4)/((-1270)/212 + c) a composite number?
True
Suppose 0 = -146*t + 141*t + 14645. Is t a prime number?
False
Suppose -2*b = 3*n + 6, 2*n + 7 = -3*b - 2*n. Is (1 - b)*-1 + 157 a prime number?
False
Suppose 5*g - 5668 = 217. Let h = g - 780. Is h composite?
False
Suppose 752 = 43*f - 45*f. Let j = f + 713. Is j a prime number?
True
Let w = -2 - -12. Let h be w/6 - (-4)/12. Suppose -h = -d - 0. Is d a composite number?
False
Suppose 0 = 3*v - 48736 + 11767. Is v composite?
False
Let u be 2/(-2*(-1 + 2)). Let d = 5 + u. Suppose -5*j - k = -252, -2*j + d*j - 5*k = 117. Is j prime?
False
Let o(q) = -112*q**3 - 32*q**2 - 6*q + 21. Is o(-7) composite?
True
Suppose -3*q - 5*d = -10105, -q + 10*d + 3355 = 5*d. Let m = -2172 + q. Is m prime?
True
Suppose -44059 = -3*f - 12832. Is f prime?
False
Let b = 6 + -4. Suppose -5*f - 4 = -3*o - o, 3*f = -b*o + 24. Is (329/21)/(1/o) prime?
False
Suppose -2*m - 959 = 1773. Let c = m - -1989. Is c a composite number?
True
Suppose -7*k + 18786 + 13757 = 0. Is k a composite number?
False
Suppose -4*g + 75 = -g. Suppose -3*m = 2*m - 5*u + 25, -3*m + g = 5*u. Suppose 42 = 3*c - m*c. Is c a composite number?
True
Suppose 45 = 4*q - q. Let x be (12/q)/(2/5). Suppose 5*g = 4*v - 2041, -4*v = -0*g - x*g - 2038. Is v composite?
False
Let m be -2 - 20/(-11) - (-21126)/154. Suppose 4*j + 4*p + 80 - 336 = 0, 4*j + 2*p - 264 = 0. Let u = m - j. Is u a composite number?
True
Is -13*6/(-312) + (-5443)/(-4) prime?
True
Let r = -10 + 17. Suppose 5*h - r*h = -130. Is h composite?
True
Let y = -9 - 5. Suppose 0 = 2*q - j - 180, -4 = 2*j + 4. Let k = q + y. Is k a prime number?
False
Suppose -26502 = -4*l + 11*l. Is (-2)/(-5) - l/10 prime?
True
Suppose -5*y + 21059 = 2*u, -u - 2*y + 4838 = -5690. Is u prime?
False
Suppose -5*d - 4320 + 20525 = 0. Is d a composite number?
True
Suppose -19*f = -17*f + l - 30414, -f + 15193 = 4*l. Is f a composite number?
True
Is (-3)/((-33)/(-51854)*-2) a composite number?
False
Is (5934 + 3)*(-1 + 2) - 2 composite?
True
Let m(v) = 330*v - 3. Let c be m(1). Suppose -d + c = -5*p, 4*p = -2*d - 103 - 153. Let n = 32 - p. Is n composite?
False
Let i be (-3 - 1*-2)/(6/(-120)). Let c = 39 - i. Is c composite?
False
Suppose -263 = -f - w + 1284, -4*w = -16. Is f prime?
True
Let o be 55345/(-10)*-4 + -2. Is 1*(o/12)/((-6)/(-9)) composite?
False
Suppose 0 = f - 0*f - 3. Suppose 2*o = r + 427, -f*r + 829 = 3*o + o. Let n = o - -166. Is n prime?
False
Let t(c) = -c**3 - 11*c**2 - 9*c + 12. Let x be t(-10). Let k = -592 + 1017. Is k/9 + x/(-9) a composite number?
False
Let m(t) = 7*t + 48. Let q be m(-6). Is 2/q + 13344/36 a composite number?
True
Suppose 22*l + 6*l - 31444 = 0. Is l composite?
False
Let x = 134090 + -76249. Is x prime?
False
Let t be (-2 - 18/(-8)) + 2/(-8). Suppose -7*m + 2*m - 5*w + 720 = t, 0 = -2*m - 4*w + 298. Is m prime?
True
Let d be (-531)/(3/(-6)*2). Suppose -9*r + 12*r = d. Is r + 2/2 + 1 a composite number?
False
Let o(y) = -13*y - 68. Let k be o(7). Let i be (-4)/(-10) + 1458/5. Let u = k + i. Is u a prime number?
False
Let n(r) = 78*r**2 - 6*r + 51. Is n(6) a composite number?
True
Let y = 8894 - 4567. Is y a prime number?
True
Suppose -5*y - 3*s + 11007 = -24326, 2*s = 5*y - 35353. Is y prime?
True
Let y be 7/(14/(-12)) + -3. Let p be (-20)/y + 22/(-99). Suppose -5*t + p*t = -222. Is t a prime number?
False
Let t(v) = 3*v - 15. Let l be t(5). Suppose 4*c + l*c = 0. Suppose -4*r + 5236 + 208 = c. Is r a prime number?
True
Suppose 15*a - 264133 + 31948 = 0. Is a a prime number?
False
Suppose -4*w + 16 = -0*w. Suppose 0*b - 2*b + 1922 = 4*g, -w*g = 3*b - 1925. Is g a prime number?
True
Let z(i) = -i**3 + 3*i - 2. Let w be z(1). Suppose -2*a + 2 = w, 3*x - 2088 + 71 = 2*a. Is x a composite number?
False
Let h be (3 + 1)/(-1 - -3). Suppose -4*x = x - u + 3, h*x = 3*u - 9. Suppose -2*d - 1913 = -5*q, x = 4*q + 3*d + d - 1508. Is q composite?
True
Is -6 + (2 - 1)*433 a composite number?
True
Let j = 791 - 472. Is j composite?
True
Let a(p) = 14*p**2 + 11*p - 14. Let b be a(-11). Is b/(-5)*(2 + -7) a composite number?
False
Suppose -2*h = -53 + 43. Suppose h*p + 314 = k - 4127, -5*p = -4*k + 17764. Is k a prime number?
True
Is 3/(-2) - (-9562)/4 composite?
False
Let t be (2*-1)/((-2)/14). Suppose -t*g = -11*g - 9. Suppose 8 = -2*k, -2*p + 0*k + 162 = g*k. Is p a prime number?
False
Let h be 6/3*46/(-4). Let f = -22 - h. Is f/(5/(-7675)*-5) a composite number?
False
Suppose -s + 5*a = 4*s - 15, 0 = 3*s + 4*a - 9. Suppose s*g + 5*w - 1290 = -2*g, -3*w = g - 266. Is g a composite number?
True
Let p(r) = -r + 12. Let q be p(6). Suppose -2*j - y = -11, 5*j - 4*y + 16 = q*j. Suppose 425 = a + j*a. Is a composite?
True
Let v(k) = 7*k**2 - 10*k + 34. Let s be (-44)/(-6) - -3*(-3)/27. Is v(s) prime?
True
Let j(b) = b**3 + 3*b**2 + b + 7. Let a be j(-3). Is -6 - 77052/(-44) - a/22 composite?
True
Suppose 0 = -2*b + 9 - 7. Is 53*(0 + 6) + b a prime number?
False
Suppose 2*m + 721 = 5387. Is m a prime number?
True
Let r(x) = 75*x - 12*x + 99*x - 3. Is r(1) composite?
True
Suppose -3*m - 2*f = f - 141, -2*m + 2*f = -106. Suppose 4*h - m = 6. Is (-497)/(-2) + h/28 composite?
True
Suppose 9*r - 23756 = 5*r. Is r a composite number?
False
Suppose -p + 2*c - 3*c = -9, 3*p - c = 19. Suppose -n + p = -95. Let v = n + -49. Is v prime?
True
Let j = 12 - 12. Suppose 4*r - 3*r = 5*t - 6, j = 3*r - 2*t + 5. Let l = 93 - r. Is l a composite number?
True
Suppose 0 = h + 40 - 8. Let q be (223/4)/((-8)/h). Let w = -96 + q. Is w prime?
True
Let g be (-21)/21 - (-1)/(-1). Is (-508)/(-2) + 2 + g a composite number?
True
Let i(v) = 2437*v**2 - 2*v - 1. Is i(2) a composite number?
False
Let b = -1573 + 906. Let y = b - -1676. Is y composite?
False
Let d be (0 + -1)/(9/(-27)). Let a be d*(1 - -138)*1. Suppose -3*z + 6*z = a. Is z composite?
False
Let z(x) = -6*x - 2. Let q be z(-1). Let b(y) = -3*y + 1 + 6 - q*y + 16*y**2. Is b(6) composite?
False
Let l = 0 + -14. Let b be (234/(-7) - 0)*l. Is b + 4*(-1)/(-4) a composite number?
True
Suppose -7*p + 25528 = -5*p. Suppose -4*r = -3*f - p, 2*f - 15699 = -5*r + 256. Is r composite?
False
Is (56 - 58)*6542/(-4) prime?
True
Let m be ((-2)/(-2))/((-6)/(-4770)). Suppose m = 3*j + 2*j. Suppose k + 26 = j. Is k a composite number?
True
Let y = 292167 - 205282. Is y composite?
True
Let x(r) = -r**2 - 5*r + 3. Let n be x(-5). Suppose 0 = 2*c - 7*c + 3725. Suppose -388 = 4*g + 5*m - 1412, -n*g + 2*m = -c. Is g composite?
False
Suppose 31*n - 1019643 = -283672. Is n a prime number?
True
Let i(w) = -335*w + 5. Suppose -2*n = -n + 5*v, 3*v = 4*n. Suppose 2*m = 4*h + 18, n = -3*h + 4*m - 8*m - 8. Is i(h) prime?
False
Let n be (-520)/9 + 24/(-108). Let k = 263 + n. Is k prime?
False
Let a(c) = -c + 3. Let l be a(-4). Is 3902/l - (-6)/(-14) prime?
True
Let l(k) = k**2 - 2*k + 3. Let b be l(3). Let w be 790 - (b - 4) - 4. Suppose w = 3*m - 125. Is m composite?
True
Suppose -121 = -4*g - 1. Suppose 0 = 2*d + 10, -2*d = w - 3*d + 9921. Is 4/30 - w/g a prime number?
True
Suppose 0 = -w + 1. Let n = 32 - w. Is n a composite number?
False
Let c = -6 - -8. Suppose 0*y - c*y + 8 = 0. Suppose 4*q + y*o = 128 + 124, q + 4*o = 75. Is q prime?
True
Suppose f + 4*h = -21 - 22, -3*h = f + 42. Is f/26*(1 + (-269)/3) a prime number?
False
Let x(u) = -u**3 - 12*u**2 + 10*u + 3. Let g be x(-17). Suppose -g = -4*y + 1910. Is y a composite number?
False
Is ((-32529)/(-6) + 12)/((-2)/(-4)) a prime number?
True
Let z(d) = 2*d - 5. Let k be z(4). Suppose 11*a - 14584 = k*a. Is a prime?
True
Let m be 6/(-4)*(-16)/6. Suppose -4*k = m*f - 180, -2*f - 2*f - 234 = -5*k. Suppose -o + 39 + k = 0. Is o a composite number?
True
Is 7 - 4 - 5838/(-3) a composite number?
False
Is (-171585)/(-2) - (-12)/(-120)*-5 composite?
False
Let h = -913 + 2170. Is h a composite number?
True
Is (-4)/(-14) - (21395387/133)/(-19) a prime number?
True
Suppose -7*t -